/4)/(((-170)/(-40))/(-17)). Let g = i + 411. Let v(k) = k**3 + k**2 + 4. Determine v(g).
-14
Let k = -460 - -457. Suppose -1 = -3*j - 5*q, -5*j - 2*q + 5 = -3. Let y(i) = i + i + 3 + 0*i - i**3 - 2*i**j. Calculate y(k).
6
Let d(g) = -g**2 - 6*g + 11. Suppose 13*t - 480 - 2276 = 0. Let v = -220 + t. Calculate d(v).
-5
Let c(a) = a + 2. Let b(s) = -s**2 - 23*s + 52. Let l be b(-23). Let p = -60 + l. Determine c(p).
-6
Let w(h) = 5*h - 2. Let x(t) = -t + 1. Let z(j) = -2*j**3 + 6*j**2 - 5*j + 2. Let g be z(4). Let n be -4 + (-3)/(15/g). Let s(b) = n*x(b) + w(b). What is s(3)?
1
Let u(p) be the second derivative of -p**6/720 - p**5/20 - p**4/3 - 3*p**3 + 17*p + 4. Let m(l) be the third derivative of u(l). What is m(4)?
-10
Let s(b) = b**2 - 20*b + 38. Let p(v) = -45*v - 2502. Let r be p(-56). Give s(r).
2
Let q(c) = 476*c - 237*c - 8 - 248*c. Give q(-5).
37
Let v be 992/(-128) - (-7 + -1). Let d(j) be the first derivative of -24 + 2*j - v*j**4 + 1/2*j**2 + 2/3*j**3. Determine d(2).
4
Let j(k) = k + 2. Let n(u) = 5*u + 101. Let s(g) = -3. Let z(f) = -n(f) - 4*s(f). Let y be z(-19). Determine j(y).
8
Let h(x) = 20*x**2 + 68*x - 3. Let b be h(-3). Let t(v) = 2*v**2 + 55*v + 18. What is t(b)?
-9
Let q = -9890 + 9904. Let n(o) = 2*o**2 - 28*o + 20. Give n(q).
20
Suppose -27 = -5*y + 8. Let w(g) = -4*g**2 + 23*g - 12. Calculate w(y).
-47
Let x(o) = 2*o**3 + 2*o**2 - 2*o + 2. Let a(s) = s**3 - s**2 - s. Let v(i) = a(i) - x(i). Suppose d - 39 + 36 = 0. Let g be (d/5)/(2/(1*-10)). What is v(g)?
-5
Let i(f) be the first derivative of -f**3/3 - 7*f**2/2 + 9*f - 279. Determine i(-8).
1
Let n be (10/(-4))/(110/(-44)). Let u(h) = -44*h + 20. Calculate u(n).
-24
Let y(a) = -3*a**2 - 28*a + 23. Suppose -61*q - 277 + 153 - 486 = 0. Calculate y(q).
3
Let u(j) = -7*j**2 - 3*j - 4. Let t(z) = -8*z**2 - 5*z - 2. Let n(i) = 6*t(i) - 7*u(i). Give n(5).
-4
Let c(x) = -2*x**2 - 7*x. Let u(n) = 3*n + 11. Let b(m) = -c(m) - u(m). What is b(6)?
85
Let p(y) = -y + 11. Let r = 193 + -195. Let b be 0/((-12)/r + -8). What is p(b)?
11
Let z(q) = -1 + 3*q + 19*q**3 + 2*q**2 - q**2 + 18*q**3 - 88*q**3 + 50*q**3. What is z(-3)?
26
Let l(t) = -t**2 + 7*t. Let b(v) be the first derivative of -2*v**3/3 + 6*v**2 - 3*v - 252. Let d be b(5). Determine l(d).
0
Let w(d) = d**3 + 9*d**2 + 9*d + 11. Let f be 52 - 44 - (10 + -2). Suppose 0 = 3*x + 2*x - 25. Suppose f = 8*r + x*r + 104. Calculate w(r).
3
Let c(r) = 3*r**3 - 3*r**2 + r - 1. Let o = -29 - -14. Suppose -41*b - 85 = -46*b. Let u = b + o. Calculate c(u).
13
Let v = -3153 - -3182. Let l(k) = -k + 28. Give l(v).
-1
Let b(t) = t - 5. Suppose -4*p + 185 = 17. Suppose -12*d = -5*d - p. Let s be (d/(-18))/(1/3) + -6. Give b(s).
-12
Let d(u) be the third derivative of -u**6/120 + u**5/20 + u**4/8 + 5*u**3 + 551*u**2 + 15. Give d(5).
-5
Let w(v) = -4*v**3 - 2*v**2 + 9*v + 4. Let l(j) = 4*j**3 + 3*j**2 - 12*j - 4. Let y(b) = -2*l(b) - 3*w(b). Calculate y(-2).
-30
Let d = 4289 + -4287. Let u(i) = -4*i**3 + 3*i**2 - 5*i + 3. Determine u(d).
-27
Let l(q) be the second derivative of q**4/12 + 5*q**3/3 + 7*q**2/2 + 23*q. Let u be (-236)/(-177) + (-28)/3. Give l(u).
-9
Let b(j) = -j + 12. Let g(f) = 105*f + 825. Let m(c) = 6*b(c) + g(c). Determine m(-9).
6
Let v(y) be the second derivative of -1/12*y**4 - 3/2*y**2 - 2*y + 2/3*y**3 - 23. Suppose 0 = 4*s - 0*i - i - 20, -s + 5 = -4*i. Give v(s).
-8
Let s(g) = -2*g**3 - 5*g**2 - 3*g + 2. Let m be s(-2). Let h(j) = 35 - 3*j - m*j + 4*j - 36. Suppose -2*y - 1 = -11, -4*t + 4*y = 24. Determine h(t).
2
Let q(c) = c**3 + c**2 - 9*c - 21. Let d be q(-3). Let i(u) be the first derivative of u**4/4 + 11*u**3/3 - 11*u**2/2 + 16*u - 11. What is i(d)?
4
Suppose -2*a - 3 = l, 3*l - 8*a + 4 = -9*a. Let n be l/3*(1 + -7). Let w(c) = -c**3 - c**2 + 2*c. Give w(n).
-8
Let p(b) = -b**2 - 6*b - 28. Let x be p(-7). Let g = x - -41. Let m(s) = s**2 - 2*s + 3. Calculate m(g).
27
Let w = -1 + -2. Let d(c) = -1216*c + 135. Let y(z) = -495*z + 55. Let p(r) = -11*d(r) + 27*y(r). Calculate p(w).
-33
Let t(p) = 3*p + 3. Suppose 4*d + 3*r = 18, 5*d + r = 9*d - 10. Let j(m) = -32*m + 93. Let b be j(d). Calculate t(b).
-6
Let t be (10 + -2)*(1 - 19/38). Let y(j) = 5*j**3 - 10*j**2 + j - 1. Let a(l) = -l**3 + l**2 + 1. Let x(w) = 4*a(w) + y(w). What is x(t)?
-25
Let h(i) = i**3 + 7*i**2 + 8*i + 4. Let t(v) = -134*v**3 - v**2 - 2*v + 2. Let y be t(1). Let u = y + 138. Let r be (-3)/(u/((-4)/(-4))) - 4. Calculate h(r).
14
Let q(p) = 10*p**2 + 6*p + 68. Let x be q(-7). Let n(l) = 0*l**2 + 512*l - 3*l**2 + l**3 - 2*l**2 - x*l - 4. Calculate n(6).
8
Suppose 4*w - 127 = 3*p - 23, 5*p + 185 = -5*w. Let o be (9/p)/((-2)/24). Let b(h) = -o + 3*h - 13 + 15. Calculate b(3).
8
Let g(q) be the first derivative of -29*q**2/2 + 229*q + 8741. Give g(8).
-3
Let q(i) = -4*i. Let u(t) be the first derivative of t + 98. Let y(r) = -q(r) + u(r). Determine y(-5).
-19
Let b(p) = -p**2 - 5. Suppose -24 = 9*r - 3*r. Let i(z) = z**2 + z - 2. Let k be i(r). Let m be 3/5 + (-6)/k. Give b(m).
-5
Let y(r) = 4*r**3 + 5*r**2 + 13*r + 10. Let n(i) = -11*i**3 - 16*i**2 - 37*i - 28. Let z(l) = -3*n(l) - 8*y(l). Give z(-6).
34
Let u(f) be the second derivative of -f**5/30 + f**4/12 - f**3/3 + 2*f**2 - 3*f. Let c(v) be the first derivative of u(v). Let s = -5436 - -5438. What is c(s)?
-6
Let z(t) = -2*t**2 - 15*t + 10. Let j(i) = -2*i**2 - 22*i + 15. Let h(w) = -5*j(w) + 7*z(w). Let o be (6 - -4)*6/15. What is h(o)?
-49
Let f(o) be the third derivative of -o**5/60 + o**4/6 + 3*o**3 - 1420*o**2 - 1. Calculate f(-7).
-59
Let c(q) = q**2 + 3*q - 15. Let d be c(-8). Let w(s) = -15*s + 8*s**2 + d*s - 4 - 15*s - s**3. Let p = 22 + -15. Determine w(p).
10
Let g(o) = -o**3 - 9*o**2 - o + 1. Let i be g(0). Let v be (i + 0)*-7*(-6)/(-6). Let p(r) = 5*r + 10. Give p(v).
-25
Let f be (-200)/(-30) - 1/(-3). Let o(h) be the first derivative of -7 - 1/2*h**2 + 4*h. Determine o(f).
-3
Let y = -99 - -102. Let i(m) be the first derivative of m**5/120 + m**4/24 - m**3 - 6. Let a(p) be the third derivative of i(p). Calculate a(y).
4
Let u(v) = v**3 + 7*v**2 + 2*v + 3. Suppose 28 = 7*z + 63. Let j(a) = -3*a**3 - 14*a**2 - 5*a - 7. Let f(o) = z*u(o) - 2*j(o). What is f(7)?
-1
Let a(p) = 41 + 35*p + 8 + 26*p + 27*p - 79*p. What is a(-5)?
4
Let y(w) = w**2 - 8*w + 10. Suppose 317 = j + 308. Give y(j).
19
Let f(n) be the third derivative of n**5/30 + 31*n**4/24 - 5*n**3/3 + 1284*n**2 - 2. Give f(-16).
6
Let y(o) be the second derivative of -o**5/60 + o**4/2 + 20*o**3 - 108*o. Let g(q) be the second derivative of y(q). Determine g(9).
-6
Let g(l) = -9*l + 79. Let x(z) = -10*z + 94. Let w(j) = 6*g(j) - 5*x(j). Calculate w(7).
-24
Let f(w) = -6*w + 532*w**2 - 20*w + 5 + w - 265*w**2 - 266*w**2. What is f(24)?
-19
Let x(f) = 7*f**3 - f**2. Suppose l = 4*l + 4*l. Suppose -2*o + 191 - 193 = l. What is x(o)?
-8
Let y(h) = h**2 - 2. Let d be y(5). Suppose 4*n - d = 3*x, 3*n - 2*n - 2*x = 12. Let c(i) be the second derivative of i**4/12 - i**2 + 1040*i. Determine c(n).
2
Let t(s) be the third derivative of -3*s**4/4 - 47*s**3/3 - 3988*s**2. What is t(-6)?
14
Let o = -3 + 12. Let z(t) = -t**2 - 3*t + 14. Let m be z(0). Let q(i) = -19*i + 52*i - 5 - m*i - 8*i - 2 - i**2. What is q(o)?
11
Let h(f) = 2*f**2 - f + 2. Let t = -547 + 511. Let v be (6/(-4))/(t/48). Calculate h(v).
8
Suppose 0 = -y - 4*o - 11, 5*y - o = 2*y - 72. Let n = 23 + y. Let k(a) = 3*a + 4*a + 2*a - 8*a - 6. Give k(n).
-6
Let p(g) = -g**2 + 5*g - 5. Let h(i) = 16*i**2 - 146*i + 116. Let w(n) = 3*n**2 - 29*n + 23. Let z(u) = 2*h(u) - 11*w(u). Let y be z(26). Give p(y).
-5
Let h(w) = -w**2 + 21*w - 96. Let g = 3780 - 3772. Determine h(g).
8
Let g(u) = u**3 + 6*u**2 - 3. Suppose 3*c + 18 = s, 17*s + 48 = 13*s - 3*c. Give g(s).
-3
Suppose -k = -3*q - 14, k + 28 = 6*k - q. Let l(r) = -3*r**2 + 25*r - 12. Let c(h) = -h**2 + 8*h - 4. Let j = -100 + 107. Let u(t) = j*c(t) - 2*l(t). Give u(k).
1
Let y(o) be the second derivative of 1/6*o**3 - 15/2*o**2 - 33*o + 1. Determine y(12).
-3
Let x(z) = 15*z**3 + 11*z**2 + 48*z - 117. Let g(s) = -22*s**3 - 17*s**2 - 72*s + 172. Let q(w) = -13*g(w) - 19*x(w). What is q(-8)?
51
Let v(m) be the first derivative of m**4/12 - 2*m**3/3 - 15*m**2 - 58. Let g(s) be the second derivative of v(s). Calculate